by 881.
56
Calculate the remainder when 4446647 is divided by 41.
33
What is the remainder when 3818643 is divided by 165?
48
What is the remainder when 172631 is divided by 28746?
155
What is the remainder when 586803 is divided by 328?
11
Calculate the remainder when 192824475 is divided by 6220144.
11
What is the remainder when 9303829 is divided by 212?
209
What is the remainder when 5968203 is divided by 1331?
1330
Calculate the remainder when 562607 is divided by 194.
7
What is the remainder when 1891536 is divided by 484?
64
Calculate the remainder when 66655767 is divided by 68.
59
Calculate the remainder when 1351781 is divided by 450591.
8
What is the remainder when 7855991 is divided by 21118?
95
Calculate the remainder when 5252326 is divided by 7851.
7
Calculate the remainder when 3122816 is divided by 312.
8
Calculate the remainder when 9098690 is divided by 32.
2
Calculate the remainder when 3788192 is divided by 356.
352
Calculate the remainder when 17017042 is divided by 137.
135
Calculate the remainder when 3664078 is divided by 467.
463
Calculate the remainder when 738168 is divided by 3258.
1860
What is the remainder when 949199 is divided by 496?
351
What is the remainder when 2502269 is divided by 991?
985
What is the remainder when 26659682 is divided by 26659681?
1
What is the remainder when 14866615 is divided by 707931?
64
Calculate the remainder when 171888 is divided by 689.
327
Calculate the remainder when 15579 is divided by 631.
435
Calculate the remainder when 25474 is divided by 24986.
488
Calculate the remainder when 279110 is divided by 114.
38
Calculate the remainder when 304516 is divided by 5.
1
What is the remainder when 78000718 is divided by 56?
54
Calculate the remainder when 2423195 is divided by 1211454.
287
What is the remainder when 65027997 is divided by 120?
117
What is the remainder when 336760 is divided by 5707?
47
What is the remainder when 645843024 is divided by 62?
60
What is the remainder when 2351356 is divided by 817?
30
What is the remainder when 1359139 is divided by 14473?
13150
What is the remainder when 116766 is divided by 5490?
1476
What is the remainder when 13299780 is divided by 782334?
102
What is the remainder when 11684769 is divided by 2859?
36
What is the remainder when 154077 is divided by 13329?
7458
Calculate the remainder when 1965308 is divided by 26.
20
Calculate the remainder when 10637793 is divided by 75445.
48
What is the remainder when 355461 is divided by 50779?
8
What is the remainder when 609059 is divided by 30?
29
Calculate the remainder when 16123706 is divided by 57.
2
Calculate the remainder when 914450 is divided by 16329.
26
What is the remainder when 237310 is divided by 2178?
2086
What is the remainder when 1394658 is divided by 234?
18
Calculate the remainder when 778830911 is divided by 72.
71
What is the remainder when 1314896 is divided by 9069?
8960
Calculate the remainder when 9587418 is divided by 77.
71
Calculate the remainder when 10633291 is divided by 17992.
19
Calculate the remainder when 4867461 is divided by 695328.
165
What is the remainder when 63153 is divided by 242?
233
Calculate the remainder when 4706 is divided by 1739.
1228
What is the remainder when 240740 is divided by 433?
425
What is the remainder when 324983 is divided by 4330?
233
Calculate the remainder when 18012939 is divided by 321658.
91
Calculate the remainder when 2095728 is divided by 427.
12
Calculate the remainder when 68138 is divided by 68134.
4
What is the remainder when 1038196 is divided by 235?
201
What is the remainder when 137053 is divided by 647?
536
What is the remainder when 2182764 is divided by 8526?
108
Calculate the remainder when 7847498 is divided by 1191.
1190
What is the remainder when 2752133 is divided by 917366?
35
Calculate the remainder when 15685717 is divided by 1232.
1125
What is the remainder when 64275089 is divided by 4680?
4649
Calculate the remainder when 119550337 is divided by 4269654.
25
Calculate the remainder when 46614 is divided by 22597.
1420
What is the remainder when 276312959 is divided by 165?
164
Calculate the remainder when 26685007 is divided by 5815.
5787
What is the remainder when 81152 is divided by 3475?
1227
Calculate the remainder when 512520 is divided by 7884.
60
What is the remainder when 716246 is divided by 385?
146
Calculate the remainder when 4553966 is divided by 254.
0
Calculate the remainder when 11514913 is divided by 4987.
4917
Calculate the remainder when 6561275 is divided by 10515.
10430
Calculate the remainder when 7063483 is divided by 2354475.
58
What is the remainder when 19119033 is divided by 109?
106
Calculate the remainder when 52255 is divided by 32.
31
What is the remainder when 5405652 is divided by 277?
274
What is the remainder when 238851070 is divided by 25?
20
Calculate the remainder when 683335 is divided by 68303.
305
What is the remainder when 1210114 is divided by 123?
40
Calculate the remainder when 387183356 is divided by 1280.
1276
What is the remainder when 119250 is divided by 5164?
478
What is the remainder when 28897079 is divided by 677?
11
Calculate the remainder when 36030 is divided by 1817.
1507
What is the remainder when 185958 is divided by 126?
108
Calculate the remainder when 106476 is divided by 988.
760
Calculate the remainder when 1444378 is divided by 81.
67
Calculate the remainder when 212813 is divided by 304.
13
What is the remainder when 46030 is divided by 5732?
174
What is the remainder when 67754588 is divided by 8?
4
What is the remainder when 1035337 is divided by 723?
1
Calculate the remainder when 4076992 is divided by 433.
297
Calculate the remainder when 2763732 is divided by 966.
6
Calculate the remainder when 72606560 is divided by 41.
29
Calculate the remainder when 5053776 is divided by 797.
796
Calculate the remainder when 59917 is divided by 790.
667
Calculate the remainder when 1258951 is divided by 234.
31
What is the remainder when 953284 is divided by 160?
4
Calculate the remainder when 74119177 is divided by 13.
2
Calculate the remainder when 27952 is divided by 31.
21
Calculate the remainder when 864284 is divided by 2880.
284
What is the remainder when 314839159 is divided by 2747?
2742
What is the remainder when 13264961 is divided by 1193?
1187
Calculate the remainder when 14100938 is divided by 2350154.
14
Calculate the remainder when 10618021 is divided by 3502.
3459
Calculate the remainder when 102238 is divided by 48949.
4340
What is the remainder when 293857 is divided by 293856?
1
Calculate the remainder when 186434419 is divided by 28.
3
Calculate the remainder when 185580 is divided by 92606.
368
Calculate the remainder when 78412 is divided by 2336.
1324
Calculate the remainder when 928369 is divided by 36.
1
Calculate the remainder when 15531207 is divided by 46.
43
Calculate the remainder when 221335 is divided by 1011.
937
Calculate the remainder when 28694 is divided by 684.
650
Calculate the remainder when 441010 is divided by 2713.
1504
What is the remainder when 2111420 is divided by 73?
41
What is the remainder when 1716611 is divided by 122581?
477
What is the remainder when 3915347 is divided by 2346?
2219
Calculate the remainder when 261810 is divided by 261750.
60
What is the remainder when 841191165 is divided by 2532?
2529
Calculate the remainder when 728183 is divided by 15493.
12
What is the remainder when 453890 is divided by 1136?
626
Calculate the remainder when 11248360 is divided by 7.
4
Calculate the remainder when 1906224 is divided by 20719.
76
Calculate the remainder when 24609 is divided by 4341.
2904
What is the remainder when 4358833 is divided by 229412?
5
Calculate the remainder when 588599 is divided by 294223.
153
Calculate the remainder when 3056148 is divided by 1018711.
15
Calculate the remainder when 2276710 is divided by 3056.
3046
Calculate the remainder when 27661488 is divided by 26.
10
Calculate the remainder when 18783 is divided by 18659.
124
Calculate the remainder when 10234346 is divided by 95.
91
Calculate the remainder when 842400 is divided by 116.
8
What is the remainder when 327215552 is divided by 7?
6
Calculate the remainder when 38393 is divided by 2829.
1616
